ided by (5/10 - -3)/((-1)/(-2))?
6
Let n(h) = -2*h + 68. What is the remainder when n(17) is divided by 24?
10
Let c = -19 + -8. Let t(o) = -o**2 + o - 3. Let g be t(4). What is the remainder when 9 is divided by 3/(c/g)*3?
4
Let r = 17 + 82. Suppose g - r = 4*v, -2*v = -5*g + g + 32. Let m = 74 + v. Calculate the remainder when m is divided by 25.
23
Let l = 672 + -607. What is the remainder when 199 is divided by l?
4
Suppose 61 = l - 4*t, 5*l - 3*t - 44 = 329. Calculate the remainder when 219 is divided by l.
65
Suppose 3*d = 4*v + 13, v - 3*v - d + 1 = 0. Let y(x) = x - 1. Let q be y(v). What is the remainder when 52 is divided by q/(-6)*3*14?
10
Suppose -1687 = -17*l + 2563. Calculate the remainder when l is divided by 42.
40
Calculate the remainder when 265 + (0 - 1) - (58 - 56) is divided by 11.
9
Let w(y) = -y**3 + 6*y**2 + 6*y - 5. What is the remainder when 46 is divided by w(6)?
15
Suppose -7*w + 153 = -4*w. What is the remainder when w is divided by (-53)/(-3) + (12/(-6))/(-6)?
15
Let u(v) = 37*v - 3. Let y be u(1). Suppose -4*k + y + 6 = 0. Calculate the remainder when k is divided by 4.
2
Let i = -97 + 116. What is the remainder when 49 is divided by i?
11
Suppose 4*x + 159 + 89 = 0. Let v = -37 - x. Let l = v + -5. Calculate the remainder when l is divided by 7.
6
Let w(l) = -12 - 27*l + 6*l - 2. Calculate the remainder when 93 is divided by w(-3).
44
Suppose 2 + 3 = -5*y, 60 = i - y. What is the remainder when i is divided by 21?
17
Suppose 101 = 3*n - u, -2*n + 106 - 30 = -5*u. Suppose -12*q = -13*q + 17. Calculate the remainder when n is divided by q.
16
Let q(u) = 3*u**2 - 7*u - 4. Let o = -5582 + 5599. Calculate the remainder when q(6) is divided by o.
11
Let v(b) = -b**3 + 7*b**2 + 18*b. Let l be v(9). Let j be (24/9 - 2)*3. Suppose l = -5*s + j*s + 249. Calculate the remainder when s is divided by 21.
20
Suppose -3*s + 28 = -s. Let g = -89 - -477. Suppose -5*o - 123 + g = 0. Calculate the remainder when o is divided by s.
11
Let d be (-8)/(-3)*(-60)/(-16). Suppose 14 = 2*y + d. Calculate the remainder when 2 is divided by y.
0
Let b be (-2)/4 - -2*3/(-4). Let n(d) = -11*d + 8. What is the remainder when n(b) is divided by 18?
12
Suppose 4*d = 4*u - 784, -24 = -u + 5*d + 188. What is the remainder when u is divided by 49?
45
Let s = 22 + -11. Let v(t) = t**3 + 5*t**2 - 6*t + 4. Suppose 3*a = 4*n + 4*a + 19, 3*a = -4*n - 9. What is the remainder when s is divided by v(n)?
3
Let g(y) = y + 52. Let s be g(0). Let d = s - 39. Calculate the remainder when 75 is divided by d.
10
Let o be (4 - 0)/(-4)*(5 - 2). What is the remainder when 154 is divided by (2 + o)*(5 + -58)?
48
What is the remainder when (163 - 17) + -2 + 2 is divided by 38?
32
Let h(l) = 9*l**2 - 50*l + 8. Calculate the remainder when h(8) is divided by 63.
58
Let a = -17 + 25. Suppose 0 = -3*o + 4*i + 121, -o - 4*o + i = -196. Let c = -16 + o. What is the remainder when c is divided by a?
7
Suppose -5*m + 10*m - 700 = 0. Suppose 5*j = -3*i + m, 2*i + 0*i = -j + 91. Calculate the remainder when i is divided by 17.
11
Let p be (-24)/(-10) + (-6)/15. Suppose -3*l + 12 = -p*a, -4*l = -a - 3 - 13. Suppose -5*f + 25 = -a*f. Calculate the remainder when f is divided by 2.
1
Suppose -544*q + 545*q = 18. Suppose -2*g + 2*a + 140 = 0, 5*g - 402 = -3*a - 44. Calculate the remainder when g is divided by q.
17
What is the remainder when (-6)/(-63)*6 + (-4532)/(-154) is divided by 26?
4
Let x(l) = -11*l + 53. Let m(n) = 10*n - 54. Let d(s) = -5*m(s) - 4*x(s). What is the remainder when 24 is divided by d(8)?
4
Suppose 4*g = -g - 4*s + 21, 2*g = -3*s + 7. What is the remainder when 10 is divided by g?
0
Let u be 8/(-44) + (-400)/(-22). Suppose q - u = 2*l, -4*q = 2*l - 28 + 6. What is the remainder when 15 is divided by q?
7
Suppose -6*z + 26 + 196 = 0. What is the remainder when 115 is divided by z?
4
Suppose -r = -1 - 2. Let o be (287/(-4))/((-31)/(-124)). Calculate the remainder when 2/(-15) - o/15 is divided by r.
1
Let g = 2427 - 2397. What is the remainder when 207 is divided by g?
27
Suppose -181 = -21*x + 386. Let f(a) = -a + 5. What is the remainder when (-18)/(-4)*9/(x/20) is divided by f(-6)?
8
Let m = 588 - 444. Calculate the remainder when m is divided by 29.
28
Suppose -18*h + 12*h + 252 = 0. Calculate the remainder when 209 is divided by h.
41
Suppose -2*a - 1708 = -4*p, -4*a = -3*a. Calculate the remainder when p is divided by 54.
49
Suppose -3*h = -2*u + 137, 277 = -9*u + 13*u - 5*h. What is the remainder when 217 is divided by u?
71
Let p(j) = 1276*j**2 - 203. Let c(t) = 25*t**2 - 4. Let l(h) = -203*c(h) + 4*p(h). What is the remainder when l(-1) is divided by 6?
5
Suppose 4*c - l - 2*l + 259 = 0, -2*l = 3*c + 207. Let t = 94 + c. What is the remainder when 133 is divided by t?
25
Let y(v) = -125*v + 276. What is the remainder when 92 is divided by y(2)?
14
Let h = -148 - -16. Let a = 192 + h. Suppose -4*o + 80 = -4. What is the remainder when a is divided by o?
18
Suppose 6*l + 30 = 3*l. Let v be 2/l - 209/(-95). What is the remainder when ((-7)/(-14))/(v/52) is divided by 8?
5
Suppose -6*l - 2*l + 256 = 0. What is the remainder when 754/6 - (-6)/(-9) is divided by l?
29
Let d(t) = -t**3 - 17*t**2 + 8*t - 157. What is the remainder when 183 is divided by d(-18)?
22
Let s be ((-8)/10)/(8/(-20)). Suppose -s*x - 48 = -0*x. What is the remainder when ((-300)/x)/(2/4) is divided by 7?
4
Let d be (-6)/9*(-19 - -1). Let f = 103 - 95. What is the remainder when (d - 2)*9/6 is divided by f?
7
Let b = -24 + 23. Let o(z) = -2*z - 3. What is the remainder when b + 48 + -2 - (2 - 1) is divided by o(-6)?
8
Let l = -30 - -56. Calculate the remainder when 206*(0 - (-2)/4) is divided by l.
25
Let y(o) = -o**2 + o. Let k be y(1). Suppose k = -g + 3 + 1. Suppose 3 = 3*s, -g*s - s + 141 = 4*j. What is the remainder when j is divided by 12?
10
Let d = 57 - 30. Suppose -45 - d = -4*o. Let g(n) = n**3 + 7*n**2 - 2*n + 5. What is the remainder when g(-6) is divided by o?
17
Suppose -y + 5*y - 3*k - 8 = 0, -y + 2 = -3*k. Suppose -123 = -y*d + 5*r, -6*r + 2*r + 150 = 3*d. Calculate the remainder when d is divided by 14.
12
Let n = -760 + 767. Calculate the remainder when -1 + (-1)/(-1) + 34 is divided by n.
6
Suppose 0 = 36*f - 17*f - 304. Suppose -2*d = -3*d + 29. What is the remainder when d is divided by f?
13
Let k = 237 - 229. What is the remainder when 170 is divided by k?
2
Let s(l) = l**2 + 6*l - 16. Let q be s(-8). Calculate the remainder when q - 340/(-30)*(-6)/(-2) is divided by 13.
8
Suppose -i + 73 = 2*a, 5*a - 219 = 12*i - 15*i. Calculate the remainder when i is divided by 60.
13
Let p be -1*(-3)/((-3)/2). Let m(i) = -i + 4. Calculate the remainder when m(p) is divided by 5.
1
Let v(k) = k**2 - 14*k + 17. Let u be v(13). Suppose u*j = -4*l + 1120, -130 = -l - 4*j + 138. What is the remainder when l is divided by 26?
24
Suppose 0 = 2*n + 6, 2*s + 35 = -n - 4*n. Let r = 12 + s. Calculate the remainder when -3 + (3 - r) - -27 is divided by 14.
11
Suppose 0 = z - 2*l - 11, 0*z - z - 3*l - 4 = 0. Suppose -2*a - 5*i + 22 = 0, 0 = -3*a - i + z + 2. What is the remainder when -26*a/(0 + -1) is divided by 9?
8
Let w = 459 + -332. Calculate the remainder when w is divided by 38.
13
Let l(u) = -u + 11. Let q = 27 - 19. Let v be l(q). Suppose 0 = -2*w + 3 + v. Calculate the remainder when 9 is divided by w.
0
Let z(i) = -i**2 + 23*i - 11. Let a(w) = -w + 8. Let m be a(-11). Calculate the remainder when z(m) is divided by 22.
21
Let a(x) = -2*x - 2. Let d(v) = -v**2 - 3*v + 1. Let f be d(-2). Let w be 7/(-3) - 2/f. What is the remainder when a(w) is divided by 3?
1
What is the remainder when 27 is divided by 11/((-66)/24) + 14?
7
Suppose 31*l - 519 - 70 = 0. Calculate the remainder when 493 is divided by l.
18
Let y = 587 + -580. What is the remainder when y is divided by 5?
2
Suppose -18*r + 123 = -273. Calculate the remainder when 83 is divided by r.
17
Suppose -4*y + 240 = 4*t, -5*t + 44 = 3*y - 144. What is the remainder when y is divided by 17?
5
Let m(d) = -d**3 - 2*d + 9. Let q = 18 + -18. Let t be m(q). Suppose -5*f + 3*r = -46, -2*f - 3 = 5*r - t. Calculate the remainder when f is divided by 3.
2
Let d(v) = 14*v**2 + 4*v + 2. Let i be d(-1). Suppose 0 = -i*x + 7*x + 210